
Convert -846568 (base 10) to base 16.
-ceae8
-7a32 (base 13) to base 12
-9a9a
Convert -2052011 (base 6) to base 10.
-100231
Convert 1a2d8 (base 15) to base 11.
58979
What is -3707624 (base 9) in base 6?
-111052421
-54706 (base 16) to base 2
-1010100011100000110
What is -120256451 (base 7) in base 12?
-25b9018
-20303140 (base 5) to base 8
-504235
-2bb57 (base 12) to base 13
-22384
What is -207544 (base 8) in base 5?
-4210401
What is d4736 (base 14) in base 3?
222000001201
-1547764 (base 11) to base 9
-4872081
What is -2111010112101 (base 3) in base 10?
-1321336
-414ee1 (base 15) to base 8
-13660332
13203020322 (base 4) to base 11
1131895
What is 401313 (base 6) in base 2?
111101011001101
What is -1301323322 (base 4) in base 12?
-1a60a2
-164344 (base 16) to base 14
-29d9d2
Convert -20221022010 (base 3) to base 13.
-4a1c3
What is 104423 (base 8) in base 13?
12c84
Convert -677209 (base 16) to base 2.
-11001110111001000001001
10011011110001000 (base 2) to base 10
79752
Convert aa52b5 (base 14) to base 12.
1b26b93
-33020210 (base 4) to base 8
-171044
Convert d12b (base 16) to base 3.
2201110020
What is -1629834 (base 13) in base 15?
-95d68c
-3212321323 (base 5) to base 11
-38a8577
-1b5be1 (base 16) to base 8
-6655741
What is 22112002020010 (base 3) in base 11?
2613542
Convert 14240452 (base 7) to base 15.
1b64ca
4240762 (base 8) to base 16
1141f2
Convert -7d51cc (base 15) to base 9.
-12241143
Convert -101110100001110111 (base 2) to base 14.
-4d651
-137073 (base 10) to base 12
-673a9
Convert 2222346 (base 8) to base 14.
118570
Convert -2133320000 (base 4) to base 16.
-9fe00
What is -322311011321 (base 4) in base 9?
-32014672
What is 1bc30d (base 15) in base 9?
2488044
What is -101001111001111011 (base 2) in base 7?
-1313263
Convert 33120323111 (base 4) to base 13.
ab334a
-110203331 (base 4) to base 14
-2299b
Convert 4b4b (base 14) to base 4.
3032033
What is 33656262 (base 7) in base 5?
1223013443
Convert 848aa4 (base 12) to base 16.
1fe01c
-357799 (base 14) to base 12
-740a4b
Convert -644240 (base 7) to base 13.
-3bc51
-13333023232 (base 4) to base 5
-1014000211
Convert 66250 (base 11) to base 13.
349a7
-1030148 (base 11) to base 9
-3366546
a4334 (base 12) to base 3
101220120111
21403036 (base 9) to base 8
47333063
What is -a1aa4 (base 14) in base 10?
-389008
What is -310303101 (base 4) in base 10?
-216273
-22545 (base 6) to base 8
-6241
Convert 147163 (base 8) to base 12.
26703
What is -31440324 (base 5) in base 9?
-443563
Convert 53bb6 (base 14) to base 9.
337852
-a8362 (base 12) to base 2
-110110000111111010
What is 11010110000011100 (base 2) in base 16?
1ac1c
What is -304aa46 (base 12) in base 14?
-12bb8b4
Convert eb2ba (base 15) to base 2.
10110110010000000100
Convert 10443243 (base 5) to base 13.
3378c
Convert 70240 (base 9) to base 13.
17cc1
-11000101100011101 (base 2) to base 13
-37069
-1137374 (base 8) to base 3
-120210122212
-12102244 (base 6) to base 13
-104896
Convert 62265653 (base 7) to base 8.
23740177
-100100110011101011011101 (base 2) to base 4
-210303223131
-262883 (base 10) to base 5
-31403013
1a39243 (base 11) to base 9
6420361
-12856468 (base 10) to base 8
-61026224
Convert -16600456 (base 7) to base 12.
-667704
10001111111011010 (base 2) to base 12
3678a
What is 10001000010001100101 (base 2) in base 8?
2102145
Convert 16311356 (base 7) to base 3.
2222102011212
Convert -2776160 (base 8) to base 6.
-24500400
Convert -64473 (base 11) to base 16.
-16e26
Convert -41607a7 (base 11) to base 13.
-169b1ba
What is 11423010104 (base 5) in base 11?
7680558
What is 3430432 (base 5) in base 9?
103155
Convert -17714604 (base 8) to base 9.
-7752456
What is -3513636 (base 7) in base 5?
-103100413
What is -151412 (base 14) in base 9?
-1337082
Convert 201231301 (base 6) to base 11.
1a2a820
Convert 1185810 (base 9) to base 11.
402347
Convert 22618 (base 11) to base 5.
2021224
1403550532 (base 6) to base 11
9649659
192601 (base 10) to base 6
4043401
-10a402c (base 15) to base 7
-203144151
132000031 (base 5) to base 9
1210204
-2211141303 (base 5) to base 9
-10005565
31413311 (base 6) to base 7
10550062
-10155844 (base 10) to base 2
-100110101111011101000100
-1333213201 (base 4) to base 15
-a4d31
Convert 18338 (base 14) to base 3.
10002200111
Convert c1dd0 (base 14) to base 9.
780775
Convert 203232131321 (base 4) to base 14.
135b06d
-21000002100 (base 3) to base 8
-415164
1007b19 (base 12) to base 10
2999685
3b16b2 (base 16) to base 11
2205465
What is 11030113241 (base 5) in base 2?
101101100111010001001001
-120202210021 (base 3) to base 9
-522707
c515c (base 16) to base 14
170296
What is 60200601 (base 7) in base 4?
102332220333
What is 332627 (base 8) in base 4?
123112113
Convert -2022210221122 (base 3) to base 6.
-42255455
1223112010 (base 4) to base 13
12518b
What is -103330021 (base 4) in base 16?
-13f09
Convert -105005 (base 11) to base 5.
-20331321
524101200 (base 6) to base 4
202322202000
Convert -284c42 (base 14) to base 12.
-5740b6
What is -371b9b (base 15) in base 14?
-4c97a0
What is -2526332 (base 7) in base 9?
-546615
What is -817b6 (base 13) in base 16?
-38a51
Convert -3300102201 (base 4) to base 11.
-612510
Convert -3adeea (base 15) to base 8.
-12632404
-1c842 (base 15) to base 9
-151488
What is 505321 (base 6) in base 11?
28128
-135105551 (base 7) to base 10
-8842478
What is -2a209 (base 14) in base 15?
-21033
What is 45954 (base 10) in base 4?
23032002
Convert 102b0 (base 14) to base 8.
114062
81cd (base 14) to base 8
53471
What is 2589074 (base 10) in base 11?
1509234
What is -5554011 (base 6) in base 14?
-73c11
What is -32451542 (base 6) in base 8?
-3550566
200012023 (base 4) to base 10
131467
Convert 2a4a29 (base 13) to base 6.
34132501
-33136663 (base 7) to base 3
-12100210102221
Convert -413771 (base 8) to base 9.
-228184
What is 2033214012 (base 5) in base 6?
225524430
What is 102101000010 (base 3) in base 12?
a9626
55391 (base 12) to base 16
1b8dd
What is -2c74ff (base 16) in base 4?
-23013103333
Convert -301ac (base 15) to base 11.
-a4440
Convert 4234231 (base 6) to base 11.
13159a
Convert -100004202 (base 6) to base 4.
-12122102222
706633 (base 9) to base 4
1212012321
80471 (base 11) to base 4
130232322
What is 9277 (base 12) in base 6?
201431
What is -40502131 (base 6) in base 14?
-2225b9
What is -3011413132 (base 5) in base 14?
-b14627
Convert -100001111000001010101 (base 2) to base 12.
-456505
Convert 100121121011 (base 3) to base 9.
317534
247505 (base 9) to base 11
a2652
What is -401d6 (base 16) in base 5?
-31400424
What is 1101220021100 (base 3) in base 14?
155bd3
-7017366 (base 8) to base 5
-432433214
What is 30a13a0 (base 11) in base 9?
11245615
-55629 (base 15) to base 14
-70c8d
Convert 303331321 (base 5) to base 7.
13312423
105524536 (base 7) to base 3
110010100212011
-17752105 (base 8) to base 6
-225354125
-424013133 (base 5) to base 7
-21102122
Convert 210602 (base 8) to base 5.
4220033
-1111101111101010101 (base 2) to base 6
-15020313
-bd9c (base 15) to base 6
-510033
What is 6750a0 (base 12) in base 6?
55144320
360c141 (base 13) to base 11
94a0099
4518221 (base 9) to base 2
1001010010001000101111
-11044440442 (base 5) to base 6
-1111311332
6600 (base 16) to base 9
38733
What is 4312040232 (base 5) in base 15?
bea312
-1420363 (base 8) to base 7
-3261665
Convert 537764 (base 8) to base 12.
88358
Convert -644205 (base 7) to base 3.
-12200112020
Convert bb8844 (base 16) to base 5.
11121240431
Convert 989855 (base 10) to base 14.
1baa3d
What is 41501226 (base 7) in base 6?
202534353
Convert 110001100001110 (base 2) to base 8.
61416
Convert -5136233 (base 11) to base 3.
-122001212010120
Convert -16dfd (base 16) to base 13.
-33852
1111010110100100100011 (base 2) to base 15
547726
Convert 49d7ef (base 16) to base 15.
658d72
-870914 (base 12) to base 8
-10116040
-102320130330 (base 4) to base 14
-92bc28
14333420 (base 5) to base 2
100101001100101000
Convert 145043000 (base 7) to base 13.
2001c08
What is 4064627 (base 12) in base 5?
11042414114
Convert 3eacab (base 15) to base 11.
1785654
Convert 1791519 (base 11) to base 7.
34530345
What is -2024675 (base 9) in base 2?
-100000111100010110010
Convert 3ad88 (base 14) to base 7.
1143531
What is -10223343 (base 6) in base 5?
-34030423
Convert 5828111 (base 9) to base 1